63?
3
What is the units digit of 4381?
1
What is the units digit of 2177?
7
What is the hundreds digit of 25790?
7
What is the thousands digit of 31379?
1
What is the thousands digit of 41131?
1
What is the units digit of 6068?
8
What is the tens digit of 889?
8
What is the tens digit of 1665?
6
What is the units digit of 559?
9
What is the ten thousands digit of 36593?
3
What is the units digit of 4218?
8
What is the units digit of 2939?
9
What is the units digit of 12472?
2
What is the tens digit of 15980?
8
What is the tens digit of 1090?
9
What is the thousands digit of 4847?
4
What is the ten thousands digit of 134966?
3
What is the units digit of 600?
0
What is the units digit of 923?
3
What is the ten thousands digit of 37976?
3
What is the units digit of 191?
1
What is the units digit of 1581?
1
What is the thousands digit of 2132?
2
What is the tens digit of 141?
4
What is the units digit of 587?
7
What is the thousands digit of 119293?
9
What is the tens digit of 847?
4
What is the hundreds digit of 135246?
2
What is the units digit of 1136?
6
What is the units digit of 400?
0
What is the tens digit of 47?
4
What is the units digit of 357?
7
What is the ten thousands digit of 24541?
2
What is the ten thousands digit of 23546?
2
What is the units digit of 2602?
2
What is the hundreds digit of 74753?
7
What is the units digit of 4732?
2
What is the tens digit of 2489?
8
What is the hundreds digit of 8490?
4
What is the ten thousands digit of 40706?
4
What is the tens digit of 1842?
4
What is the units digit of 1859?
9
What is the tens digit of 134?
3
What is the tens digit of 25228?
2
What is the thousands digit of 18470?
8
What is the units digit of 232?
2
What is the tens digit of 6717?
1
What is the ten thousands digit of 21989?
2
What is the units digit of 351?
1
What is the thousands digit of 28990?
8
What is the units digit of 129?
9
What is the tens digit of 8887?
8
What is the tens digit of 2234?
3
What is the hundreds digit of 44109?
1
What is the hundreds digit of 2013?
0
What is the thousands digit of 88968?
8
What is the thousands digit of 5522?
5
What is the hundreds digit of 30787?
7
What is the hundreds digit of 1760?
7
What is the tens digit of 8334?
3
What is the hundreds digit of 4635?
6
What is the thousands digit of 22884?
2
What is the ten thousands digit of 27523?
2
What is the tens digit of 63923?
2
What is the tens digit of 1535?
3
What is the tens digit of 2038?
3
What is the units digit of 25488?
8
What is the hundreds digit of 10250?
2
What is the thousands digit of 1182?
1
What is the hundreds digit of 103681?
6
What is the tens digit of 57552?
5
What is the hundreds digit of 184?
1
What is the units digit of 252?
2
What is the thousands digit of 55996?
5
What is the tens digit of 5264?
6
What is the thousands digit of 7427?
7
What is the thousands digit of 2063?
2
What is the hundreds digit of 5087?
0
What is the tens digit of 61433?
3
What is the units digit of 2065?
5
What is the ten thousands digit of 26676?
2
What is the hundreds digit of 1329?
3
What is the thousands digit of 3526?
3
What is the hundreds digit of 4693?
6
What is the hundreds digit of 490?
4
What is the ten thousands digit of 36188?
3
What is the thousands digit of 40952?
0
What is the thousands digit of 88927?
8
What is the tens digit of 589?
8
What is the units digit of 718?
8
What is the tens digit of 60519?
1
What is the tens digit of 2412?
1
What is the units digit of 15649?
9
What is the hundreds digit of 2147?
1
What is the ten thousands digit of 95471?
9
What is the hundreds digit of 8943?
9
What is the thousands digit of 1926?
1
What is the hundreds digit of 97715?
7
What is the hundreds digit of 699?
6
What is the units digit of 834?
4
What is the thousands digit of 1159?
1
What is the thousands digit of 1484?
1
What is the units digit of 32498?
8
What is the thousands digit of 4614?
4
What is the tens digit of 78919?
1
What is the thousands digit of 9110?
9
What is the thousands digit of 7116?
7
What is the thousands digit of 5561?
5
What is the thousands digit of 16181?
6
What is the units digit of 13804?
4
What is the ten thousands digit of 111290?
1
What is the units digit of 3519?
9
What is the hundreds digit of 44602?
6
What is the thousands digit of 9913?
9
What is the units digit of 58394?
4
What is the tens digit of 8568?
6
What is the tens digit of 1522?
2
What is the thousands digit of 2877?
2
What is the units digit of 3695?
5
What is the hundreds digit of 24157?
1
What is the ten thousands digit of 114392?
1
What is the hundreds digit of 147962?
9
What is the units digit of 21670?
0
What is the ten thousands digit of 26644?
2
What is the hundreds digit of 1625?
6
What is the units digit of 2479?
9
What is the units digit of 38222?
2
What is the tens digit of 477?
7
What is the thousands digit of 2160?
2
What is the units digit of 3164?
4
What is the units digit of 21223?
3
What is the units digit of 1523?
3
What is the hundreds digit of 522?
5
What is the units digit of 15450?
0
What is the ten thousands digit of 14968?
1
What is the thousands digit of 31486?
1
What is the hundreds digit of 1229?
2
What is the hundreds digit of 1302?
3
What is the tens digit of 898?
9
What is the hundreds digit of 3886?
8
What is the units digit of 30962?
2
What is the units digit of 958?
8
What is the units digit of 316?
6
What is the tens digit of 14764?
6
What is the units digit of 60416?
6
What is the units digit of 941?
1
What is the ten thousands digit of 25009?
2
What is the thousands digit of 44575?
4
What is the ten thousands digit of 34358?
3
What is the tens digit of 2348?
4
What is the units digit of 1513?
3
What is the units digit of 637?
7
What is the thousands digit of 24995?
4
What is the thousands digit of 1248?
1
What is the thousands digit of 8767?
8
What is the units digit of 72537?
7
What is the thousands digit of 1993?
1
What is the units digit of 99210?
0
What is the tens digit of 540?
4
What is the tens digit of 1632?
3
What is the tens digit of 17096?
9
What is the thousands digit of 1023?
1
What is the ten thousands digit of 25856?
2
What is the tens digit of 15095?
9
What is the tens digit of 48?
4
What is the thousands digit of 2158?
2
What is the tens digit of 6861?
6
What is the tens digit of 101455?
5
What is the thousands digit of 8672?
8
What is the thousands digit of 5802?
5
What is the hundreds digit of 718?
7
What is the hundreds digit of 2197?
1
What is the thousands digit of 1270?
1
What is the tens digit of 2807?
0
What is the tens digit of 3130?
3
What is the units digit of 24228?
8
What is the units digit of 1979?
9
What is the tens digit of 3054?
5
What is the tens digit of 380?
8
What is the tens digit of 1402?
0
What is the thousands digit of 4985?
4
What is the tens digit of 18359?
5
What is the hundreds digit of 1301?
3
What is the thousands digit of 65460?
5
What is the thousands digit of 106483?
6
What is the hundreds digit of 12525?
5
What is the tens digit of 33?
3
What is the tens digit of 14207?
0
What is the thousands digit of 9539?
9
What is the tens digit of 1334?
3
What is the thousands digit of 123530?
3
What is the thousands digit of 17048?
7
What is the tens digit of 53303?
0
What is the tens digit of 12236?
3
What is the thousands digit of 4324?
4
What is the hundreds digit of 152306?
3
What is the tens digit of 15899?
9
What is the tens digit of 157?
5
What is the thousands digit of 118352?
8
What is the thousands digit of 3238?
3
What is the hundreds digit of 342?
3
What is the hundreds digit of 18995?
9
What is the hundreds digit of 264?
2
What is the units digit of 29913?
3
What is the tens digit of 78?
7
What is the thousands digit of 2150?
2
What is the ten thousands digit of 10388?
1
What is the ten thousands digit of 121090?
2
What is the thousands digit of 2401?
2
What is the thousands digit of 28021?
8
What is the ten thousands digit of 119817?
1
What is the ten thousands digit of 83980?
8
What is the thousands digit of 3037?
3
What is the units digit of 48406?
6
What is the thousands digit of 1673?
1
What is the hundreds digit of 1426?
4
What is the thousands digit of 146904?
6
What is the units digit of 14072?
2
What is the thousands digit of 12133?
2
Wha